 (4 - (7 - 2))?
3
Calculate (-1 - (-1 + -1)) + -11 + 7.
-3
Calculate 3 + 4 + -4 + -1.
2
3 + (-1 - (-5 + 3 - 0))
4
What is (17 - 16) + -1 + 4 + -1?
3
Evaluate (1 - 5) + 20 + 3 + -14.
5
What is 3 - (-5 + 2 + 3)?
3
What is the value of (-1 - 2) + 4 + -3 + 5?
3
0 + 8 + -10 + 1 + 8
7
Evaluate (44 + -39 - (9 - 0)) + 1.
-3
Evaluate -4 + -3 + -4 + 10.
-1
Calculate 3 + (-7 - (0 - (-3 - -4))).
-3
What is the value of 12 - 11 - (-2 - -3)?
0
Evaluate -7 - (13 + (-13 - -1)).
-8
-3 + (1 - 1) - 2
-5
What is the value of 11 + (-9 - -7) + -2?
7
6 - 0 - (72 - 72)
6
What is -16 + 2 + -3 + 12?
-5
What is -7 + 6 + 7 - (12 - 0)?
-6
What is 2 - 0 - (-1 + 3)?
0
Calculate (-9 - (0 - 7)) + -2 + 3.
-1
Evaluate -18 - -9 - -4 - (-10 + 1).
4
(-1 + -3 + 2 - -2) + -6
-6
What is the value of 5 - ((5 - 3) + 0 + 4)?
-1
What is the value of -6 + (0 - -4) + (8 - 1)?
5
Evaluate -5 - (-6 - -1) - 3.
-3
Calculate -6 + 5 + 5 + (-2 - -6).
8
What is the value of 0 - -9 - ((8 - -18) + -20)?
3
-3 + -2 - (-27 + 18)
4
Evaluate -6 + -2 + (6 - 4 - 0).
-6
Evaluate 2 - (1 + 6) - -3.
-2
What is the value of -6 + (0 + 1 + -1 - -4)?
-2
Evaluate 3 + ((6 - 4) + 1 - 4).
2
What is ((-8 - -5) + 2 - 4) + -1?
-6
-2 + -4 + -1 - (-222 - -215)
0
Evaluate 0 + (4 - 3) + 4.
5
What is the value of -22 + 29 - (0 + 2)?
5
Calculate -7 + 5 + 4 + 3 + 1.
6
Calculate (-5 - (-2 - 1)) + 4 - 3.
-1
Calculate (4 - -5 - 1) + -8.
0
Evaluate -9 + 10 + -3 + 10.
8
Evaluate 1 + (-4 - 0) + -2 + 1.
-4
Calculate -1 - (0 + -1 + -2 + -2).
4
Calculate -3 - (0 + 3 + -2).
-4
-11 + 12 + (2 - 3) + 2
2
5 + (-5 - -3) + 1
4
(-3 - -2) + -4 + 1
-4
7 - (9 + (9 - 9))
-2
Evaluate (-1 - (-9 + 1)) + -5.
2
What is -5 - (-1 - (6 - 3 - 8))?
-9
What is the value of (1 - 3) + -36 + 33?
-5
1 + -1 + (15 - (17 + 3))
-5
What is the value of -5 - 0 - (-54 + 50)?
-1
What is 9 - ((7 - 8) + -5) - 6?
9
What is 5 + (-1 - -1) - 3?
2
What is the value of -2 + 10 + -9 + (8 - 2)?
5
-7 + 18 + -7 + 1
5
What is the value of (-11 - 0 - -9) + -1?
-3
Evaluate (1 - 1) + (7 - 9) - 2.
-4
Evaluate 35 + -31 - (0 + 6).
-2
What is (0 - 1) + (-1 - (1 + 1))?
-4
What is the value of 6 + -13 + 15 + 0?
8
Calculate 5 - (-3 + 1 - -4) - 2.
1
What is the value of (-8 - -2) + (-10 - -9)?
-7
Evaluate 1 - (-3 + -8 + 3 - -4).
5
(-2 + 1 - -5) + (-1 - 4)
-1
What is 3 + (-3 - (5 + -3)) + -1?
-3
-12 - (-12 + 3) - 4
-7
Calculate 1 + 1 + (-1 - 2).
-1
Calculate 2 + -9 - (-48 - -35).
6
Calculate (46 - 43) + -1 + 1 + -5.
-2
What is (-7 - -2 - -6) + 2?
3
Calculate 15 + (-9 - -5) + -7.
4
Calculate (4 - (6 - 1) - 7) + 4.
-4
Calculate (3 - -1) + -1 + -1.
2
1 - (5 - ((2 - -2) + -1))
-1
What is -4 + -1 + 0 + 0 + 4?
-1
What is 1 + 6 + -2 + -13?
-8
What is the value of -2 + 1 - 0 - 1?
-2
-8 + -2 - ((2 - 5) + -2)
-5
Evaluate -1 + (2 - -2) + -4 + 2.
1
Evaluate -19 - (5 + -14) - -6.
-4
Evaluate 2 - (8 - 7 - -2).
-1
-63 + 55 - (0 + -4 + 0)
-4
Calculate 1 + (1 - 12) - (-4 - 4).
-2
Calculate (-2 - (0 + 2)) + (-8 - -11).
-1
What is the value of -6 + 5 + (-2 - -4) + -3?
-2
What is the value of 5 - (6 + -4 + 1)?
2
What is the value of -1 - ((-3 - 1) + -1)?
4
(-2 - 4 - -1) + (-24 - -24)
-5
7 + 10 + -15 - 7
-5
-4 - -1 - (-14 - -19 - 2)
-6
Evaluate 1 - (2 - -1) - (-4 - 0).
2
Calculate 5 - (-5 - (-14 + 3 + -5)).
-6
Calculate 2 - (-1 - (2 + 1 + -4)).
2
What is -3 - 0 - (-2 - 1)?
0
Evaluate (4 - -1 - 1) + -2.
2
Calculate -108 - -104 - (-3 - -1 - -6).
-8
-9 + 13 - 0 - (-2 + 9)
-3
What is the value of -2 + -3 + (2 - -10) + -7?
0
6 + 3 + (-2 - 2)
5
Evaluate (5 - 5 - -2) + -8.
-6
What is the value of 9 + 1 + 5 + -8?
7
Calculate -3 - ((-3 - -5) + (4 - 12)).
3
(-26 - -39 - 17) + (4 - 1)
-1
What is the value of -35 + 30 - (1 - -3)?
-9
(5 - -2) + 3 + -1 + -4
5
-3 + 11 + -4 - 5 - -4
3
Calculate 1 - 5 - (-22 + 23).
-5
What is the value of -5 + (-1 + 9 - 3) - 2?
-2
What is 3 - (-4 + 9) - 0?
-2
0 + (-2 - (6 + -4))
-4
Evaluate -1 - (1 + 2 + 3 + -2).
-5
Evaluate -4 - ((-2 - 1) + (3 - -1)).
-5
What is -20 + 8 + 14 + (-10 - 1)?
-9
What is -15 + 17 - (3 + 1 + -1)?
-1
What is (16 - 15) + (0 + -1 - -1)?
1
Calculate -63 + 63 - (0 + 1 + -2).
1
Evaluate -1 + (-6 - -7) - -5.
5
What is 0 + 0 - (-2 + (5 - 3))?
0
What is the value of 11 - 16 - (-11 + 1 + 1)?
4
(-10 - (-5 - 7)) + 3
5
What is the value of 5 + -2 + -5 - -7 - 0?
5
What is the value of -4 - (2 - 1 - 8)?
3
(1 - -3) + (2 - 7)
-1
1 - 4 - (-9 - (16 - 18))
4
Evaluate -1 + (-2 - -4) + 1 + -2.
0
0 + -2 + 0 + 9 + -6
1
What is the value of 1 + (4 - 0) + (-3 - 2)?
0
What is 4 + 0 - (1 + 7)?
-4
What is 1 + -1 + -4 - (-4 + 9)?
-9
Calculate 0 - -4 - (0 + 7).
-3
Evaluate -5 - (2 - 8 - -5).
-4
(0 - (-2 + -3 - -5)) + 6
6
What is (-4 - -2 - -2) + -6 + 1?
-5
Calculate (9 - -12) + -20 - (1 - 1).
1
Evaluate (-9 - -11) + (0 - 2 - 2).
-2
What is the value of (5 - (-6 + 5)) + (0 - 1)?
5
What is the value of 13 + 3 + (-16 - -4)?
4
What is the value of -4 - (-7 - -9 - 2)?
-4
What is 11 - -1 - (-4 - -15)?
1
What is 38 + -43 - (-7 - 0)?
2
What is (-8 - 0) + 0 + 11?
3
-6 - (0 - (-1 + 4))
-3
What is the value of 2 + -7 - (-3 + 2)?
-4
What is the value of 4 + 0 + -3 + 8 + -5?
4
-30 + 28 - (-4 - 1)
3
What is the value of (-4 - 4) + (4 - 3) + 0?
-7
Evaluate (3 - (-1 - -7)) + 1.
-2
4 + (1 - 3) + -1 + 4
5
Evaluate (5 - 6) + (-6 - (-7 - -3)).
-3
What is -16 + (-3 - -21) + -5 + -1?
-4
Evaluate -2 + 5 + (-1 - 1) - 1.
0
34 - 22 - (4 + 2)
6
What is the value of (-107 - -102) + 0 + -2 + 13?
6
Calculate 8 + -4 - (-6 - 5 - -20).
-5
What is -1 + -1 + (-4 + 1 - -2)?
-3
Evaluate (1 - (1 + -2)) + 4 + -7.
-1
What is the value of (-6 - (-8 - -13)) + 6?
-5
7 + 7 + -16 - -10
8
What is the value of 7 + 8 + (-3 - 10)?
2
Calculate -11 - (4 + -8) - -1 - -4.
-2
-9 + (9 - 10) + 14
4
What is 2 + -3 - (8 - (-10 + 19))?
0
Evaluate -2 - (-11 + 5 + -2 - -5).
1
Calculate (1 - (-2 + -1)) + -26 + 18.
-4
What is (7 - (10 - 4)) + (1 - 1)?
1
Evaluate -6 + (2 - -2 - -6).
4
1 - (-2 + 1) - (2 + 4)
-4
Calculate 0 + -2 - (8 + 0 + -10).
0
What is the value of -5 + 3 + (6 - 3)?
1
5 + -1 + -6 - (-3 + 2)
-1
What is (-1 - 1) + 10 + -11?
-3
What is (-1 - (7 + -13)) + -7?
-2
5 - (-3 - -8) - -5
5
-2 + -3 + 1 + 2 - -3
1
Evaluate 0 - -1 - (11 + -2 + -9).
1
What is 8 + -3 + -1 - 10?
-6
What is (-2 - -1) + 3 + -5 + 2?
-1
-6 + -6 - (-8 - 4)
0
Evaluate ((-11 - -7) + 5 - -6) + -15.
-8
Calculate -12 - (2 - (-3 - -12)).
-5
What is the value of -7 + (15 - 6) - 8?
-6
What is -4 + 1 - (-4 + (-18 - -21))?
-2
Evaluate (-8 - -1) + -5 + 11.
-1
3 + -2 + (10 - 3) - 4
4
What is (0 - 0) + (11 - (8 - 1))?
4
-7 - (9 + (-11 - 0))
-5
What is -5 + -1 - (-19 + 14 + -6)?
5
Calculate 7 + (1 - 5) + 1.
4
What is (14 - 25 - -17) + -11?
-5
-3 + 1 + 1 + -2 + 2
-1
6 + -13 + (4 - (5 - 6))
-2
What is (-2 - 1) + 6 + -7?
-4
Calculate (-3 - (-1 - -4)) + 2 + -1.
-5
Calculate -2 + -2 + 3 + -4.
-5
Evaluate 4 - ((-6 - -2) + 2).
6
Calculate -17 - -23 - (1 - (-2 - 0)).
3
What is the value of -6 - (-1 + -3 + (4 - 1))?
-5
Calculate -12 + 7 + 4 - (-2 - 2).
3
Evaluate 0 - (3 - (-5 - -1 - -3)).
-4
Calculate (-3 - (3 + -9)) + (-12 - -5).
-4
6 + -5 + 4 + -1 + -2
2
What is the value of -3 + (3 - 0 - (1 + -1))?
0
What is 39 + -43 - (2 - 11) - -1?
6
Calculate (0 - -4) + -10 + (-6 - -15).
3
Evaluate (0 - -2) + (-1 - -8 - 7).
2
What is (-5 - -2 - 0) + (-3 - -4)?
-2
Evaluate 0 - 0 - (4 - 6).
2
What is the value of (-1 - -3) + -5 - 0?
-3
Evaluate 33 - 34 - (-7 - (0 + -1)).
5
What is the value of (-12 - -2) + (14 - 4)?
0
2 + (2 + -3 - 4) + 9
6
6 + -3 - (-2 + 5)
0
What is -1 + (-6 - (-3 + -3)) + -4?
-5
What is 4 + -15 - -6 - -9?
4
Evaluate 2 - 0 - (6 + -3) - 3.
-4
What is the value of 6 - (2 + (-9 - -6))?
7
0 - (1 - (3 - 3))
-1
What is the value of -10 + (12 - 3) - (2 - -1)?
-4
Calculate 0 - (-6 + (6 - 3)).
3
Evaluate -3 + -3 + 4 + 5 + 1.
4
What is 13 + -13 + (-4 - 0)?
-4
(-25 + 14 - 8) + 10
-9
(-2 - 6) + 0 - -4
-4
Calculate 1 + 4 + (4 - 5).
4
Evaluate 1 + -3 - 4 - -3.
-3
Calculate -2 + -2 - (15 + -14).
-5
What is (-2 - -2) + -2 + -2?
-4
What is 5 + -4 - (3 + 3)?
-5
What is 2 + 8 + -5 + 2 - 3?
4
What is the value of (-6 - -8 - 2) + -6 - -6?
0
Calculate (-2 - -1) + 2 + 0.
1
Evaluate (-2 - (9 - 6)) + 2.
-3
Evaluate (-1 - -1) + 3 + (9 - 11).
1
-3 - (2 - -5) - -4
-6
(-8 + 0 - -3) + 1 + 0
-4
Evaluate -23 + 9 + 4 + 1.
-9
Evaluate 0 + 1 + -5 + 1.
-3
-2 - (-2 + -3 + 2)
1
Evaluate 4 + (2 - 5) - (-8 - -8).
1
What is the value of 3